 13887173969 prime?
True
Is 231358601 a composite number?
True
Is 811293383 prime?
False
Is 2337727517 prime?
False
Is 3076213501 composite?
True
Is 28567330171 composite?
True
Is 1808545313 prime?
True
Is 48186524797 prime?
False
Is 5838190519 prime?
False
Is 6950020547 prime?
False
Is 10740561197 a composite number?
False
Is 102815097277 a composite number?
True
Is 698619551 a composite number?
True
Is 79939305553 a prime number?
True
Is 14166313603 a composite number?
True
Is 986358833 prime?
True
Is 280601393 a prime number?
False
Is 907996343 a prime number?
True
Is 4659127033 a prime number?
False
Is 13018156501 composite?
True
Is 2061430861 a prime number?
False
Is 4511041027 composite?
False
Is 38376818107 a prime number?
False
Is 16972663931 prime?
False
Is 361567187 composite?
False
Is 355544849 composite?
True
Is 11831583427 a prime number?
False
Is 1058619539 composite?
True
Is 355165089079 composite?
False
Is 4249036229 a composite number?
True
Is 2322572405 prime?
False
Is 4910910769 a composite number?
False
Is 7644845723 composite?
False
Is 320202517 composite?
False
Is 80375767271 a prime number?
False
Is 136980110863 composite?
False
Is 165663733063 prime?
True
Is 17420862733 a composite number?
False
Is 86437671319 a prime number?
True
Is 259956048351 a composite number?
True
Is 4986379169 a composite number?
True
Is 15756145007 composite?
True
Is 52461047531 a composite number?
True
Is 804731513 a prime number?
False
Is 135943335221 prime?
True
Is 1631156957 prime?
True
Is 331375633 prime?
False
Is 4549281545 a composite number?
True
Is 9162329147 a prime number?
True
Is 106512325214 prime?
False
Is 110503092097 composite?
True
Is 4848747899 composite?
False
Is 1409733539 composite?
True
Is 33189735671 composite?
True
Is 13196318567 a composite number?
False
Is 114398303 composite?
True
Is 1447136351 prime?
False
Is 8656561579 a prime number?
True
Is 65650003 a composite number?
False
Is 3960218527 a prime number?
False
Is 5929523227 prime?
False
Is 3032437427 prime?
True
Is 24780608681 a prime number?
False
Is 1002137973 a composite number?
True
Is 23293613513 prime?
False
Is 13368768265 a prime number?
False
Is 964522739 prime?
False
Is 15310544727 a composite number?
True
Is 46047367579 a composite number?
False
Is 219313327061 composite?
False
Is 132007609 a prime number?
True
Is 206784133 a prime number?
True
Is 1154366027 a composite number?
True
Is 204876940949 a prime number?
False
Is 2287556797 prime?
False
Is 12275827741 a prime number?
False
Is 1621679789 prime?
False
Is 754736161 prime?
True
Is 8059110011 composite?
True
Is 5474791291 composite?
True
Is 5370218929 a prime number?
True
Is 18188329433 a composite number?
True
Is 1139381207 a prime number?
True
Is 10047505151 composite?
True
Is 697184359 a prime number?
False
Is 1438859087101 a prime number?
True
Is 34436137817 a composite number?
True
Is 2158657867 composite?
True
Is 17031193111 a composite number?
True
Is 211918559 composite?
False
Is 61585141 composite?
True
Is 418287587 prime?
True
Is 1121869043 a prime number?
True
Is 227855581663 composite?
False
Is 2744207443 a composite number?
False
Is 414419683 a composite number?
False
Is 429999113 prime?
True
Is 10956383069 prime?
True
Is 4532456437 a composite number?
True
Is 79024157 composite?
True
Is 86862911 a prime number?
False
Is 15968304589 composite?
False
Is 84051041233 a prime number?
True
Is 10255883033 a prime number?
False
Is 441918843 a composite number?
True
Is 3516907129 composite?
False
Is 21542237369 a composite number?
False
Is 21065332351 a composite number?
True
Is 241615328453 a composite number?
False
Is 1735493951 a prime number?
False
Is 742566997 a composite number?
False
Is 4221146203 composite?
False
Is 52778083399 a prime number?
True
Is 735709973 a composite number?
True
Is 21070799051 prime?
True
Is 21083892791 prime?
False
Is 156909503 composite?
True
Is 5611633271 a prime number?
True
Is 706072421 a composite number?
True
Is 206627669129 composite?
True
Is 5368098383 a composite number?
False
Is 1707018119 a composite number?
True
Is 6845307923 a prime number?
True
Is 123584521967 composite?
False
Is 627776141 composite?
False
Is 157544993 a composite number?
True
Is 917067521 prime?
True
Is 2352129519 composite?
True
Is 1180206553 a prime number?
False
Is 278094161 a prime number?
True
Is 1868709943 composite?
True
Is 207958853 a prime number?
False
Is 705702973 a prime number?
True
Is 772870757 a composite number?
True
Is 19039036277 composite?
True
Is 358047031 a prime number?
True
Is 263983469 a composite number?
False
Is 1527919639 a prime number?
True
Is 1125694201 prime?
True
Is 844684147 composite?
False
Is 344788907 a composite number?
False
Is 160562947 a composite number?
True
Is 374217551 a composite number?
False
Is 218277828187 a composite number?
True
Is 2731845959 prime?
True
Is 139595714491 composite?
False
Is 4132105477 composite?
False
Is 3648582257 prime?
True
Is 100154843389 composite?
False
Is 1843489409 a prime number?
True
Is 1471167563 a composite number?
True
Is 4022611993 a composite number?
False
Is 1246692273 composite?
True
Is 965594051 composite?
False
Is 1444484021 a composite number?
True
Is 1963727 prime?
True
Is 9283427843 a prime number?
True
Is 8430013 a prime number?
True
Is 13833972157 composite?
False
Is 23496745711 a composite number?
True
Is 5929527623 composite?
True
Is 767216399 a prime number?
True
Is 3786746053 a prime number?
True
Is 23899209661 prime?
True
Is 6585867935 a composite number?
True
Is 81696427 a composite number?
True
Is 10873976441 a composite number?
True
Is 6321043889 a composite number?
False
Is 39317279303 composite?
False
Is 1029087817 a composite number?
True
Is 1081434089 prime?
True
Is 114051931 prime?
False
Is 21023144635 composite?
True
Is 146032903 composite?
False
Is 10481966771 a prime number?
True
Is 8564793539 composite?
False
Is 645674867 composite?
True
Is 38701337799 prime?
False
Is 29587578901 composite?
True
Is 211075722197 composite?
False
Is 41288602529 a composite number?
False
Is 22589717369 a prime number?
True
Is 10084276579 prime?
False
Is 22102547683 prime?
True
Is 32503358999 prime?
True
Is 59817786019 a composite number?
False
Is 9695779999 a prime number?
False
Is 166730677507 prime?
False
Is 669053719 a prime number?
True
Is 740264267 a composite number?
False
Is 1415219027 prime?
False
Is 60365009489 composite?
True
Is 1093590227 a prime number?
False
Is 206541197 composite?
False
Is 593833633 a prime number?
False
Is 12639830482 a composite number?
True
Is 1020796813 composite?
False
Is 725162629 a prime number?
False
Is 430718129 prime?
True
Is 14907599501 a composite number?
False
Is 33965019983 a composite number?
False
Is 3358727923 prime?
True
Is 4183277171 a prime number?
True
Is 718313263 a prime number?
True
Is 10151695067 a composite number?
False
Is 165895583 prime?
False
Is 2904820421 a composite number?
False
Is 496626805 a prime number?
False
Is 4779808973 composite?
False
Is 1165985461 a prime number?
False
Is 2510213567 composite?
False
Is 1285071121 a composite number?
False
Is 654907787 prime?
True
Is 356406653 a prime number?
False
Is 4327052377 a prime number?
True
Is 5891303599 composite?
False
Is 246895627 a composite number?
True
Is 81175807 prime?
False
Is 784523897 a composite number?
False
Is 317301241 composite?
True
Is 1036668877 a composite number?
False
Is 29763214303 a prime number?
True
Is 4071352421 composite?
False
Is 913185551 composite?
True
Is 524245117 prime?
False
Is 263278363 composite?
True
Is 2430321743 composite?
False
Is 4039390877 a prime number?
False
Is 163704229331 composite?
False
Is 8249742247 composite?
False
Is 74504154617 a prime number?
False
Is 7172932629 prime?
False
Is 104042821 composite?
False
Is 464696671 a prime number?
True
Is 2515180697 composite?
True
Is 52167523129 composite?
False
Is 69376376057 a prime number?
False
Is 9689379533 composite?
True
Is 1090528207 prime?
True
Is 168471451 a composite number?
True
Is 666624293 a prime number?
True
Is 251633852399 composite?
False
Is 65818411 composite?
True
Is 961594719 a prime number?
False
Is 65389019 prime?
True
Is 5143331111 prime?
True
Is 2468078759 a comp